7. Suppose 3*h - q*h + 90 = 0. What is the tens digit of h?
3
Let b = -44 - -44. Suppose 3*g + 29 = y + g, 5*y - 5*g - 145 = b. What is the tens digit of y?
2
Suppose -3*s = k - 2101, -6*k + 9*k = 5*s - 3497. What is the hundreds digit of s?
7
Suppose -3 - 9 = -3*g. Let y(l) = l**3 + 3*l**2 - 5*l - 5. What is the units digit of y(g)?
7
Suppose 10*u - 6*u = 4. Let f(g) = -u + 14 + 15*g + 276*g**2 - 277*g**2. What is the tens digit of f(15)?
1
Suppose 15*v - 19*v = 4*i - 3024, -5*i = 2*v - 3795. What is the hundreds digit of i?
7
Let v = 32 + 318. Let r = -200 + v. What is the hundreds digit of r?
1
Suppose 0 = -4*x - 4*c + 6432, 10*x - 1608 = 9*x + c. What is the tens digit of x?
0
Let s(w) = -w - 4*w + 3*w + 7 - 3*w. Let d be s(-8). Let v = 68 - d. What is the units digit of v?
1
Let a = 20 - -58. Suppose -u = -3, -b + 5*u + 193 - a = 0. What is the tens digit of b?
3
Let j(m) = -3*m**2 + 13*m + 10. Let s be j(19). What is the units digit of (3/2)/((-21)/s)?
9
Let t = 50 + -27. Let q = t - 19. What is the units digit of q?
4
Let u(m) = m**3 - m + 1. Let h(a) = -13*a**3 - a**2 - 2*a + 3. Let t(b) = -h(b) + 2*u(b). What is the units digit of t(1)?
5
Let d(q) = 20*q - 4. Suppose -5*b = -2*b + 6. Let r be d(b). Let k = -16 - r. What is the units digit of k?
8
Suppose 7150 = 4*q - 0*q + 2*r, 3*r + 5367 = 3*q. What is the hundreds digit of q?
7
Let d(y) = y**3 + 13*y**2 - 14*y - 2. Let j be d(-14). What is the units digit of (j + 14)/((-3)/(-4))?
6
Let v(i) = 3*i + 6. Suppose b - 6 = -0. What is the tens digit of v(b)?
2
What is the tens digit of (-14 + (-3)/9*3)*-57?
5
Let m(u) = 6*u**3 - u**2 - 2*u. Let r be m(2). Suppose 12*c - 91 - 581 = 0. Suppose c + r = 3*h. What is the tens digit of h?
3
Let c = 8648 - 4584. What is the units digit of ((-4)/(-8))/(8/c)?
4
Suppose -z + 5 = 0, -3*b - 4*z = -6*b + 832. What is the hundreds digit of b?
2
Suppose -29*i + 32*i = 735. What is the tens digit of i?
4
Suppose -q - s = 3*s - 7, -5*q + s = -14. Suppose -16 = -o + 2*a - 0*a, 0 = -5*o + 3*a + 94. Suppose o = -q*f + 7*f. What is the units digit of f?
5
What is the thousands digit of (-3)/(-2) + ((-292206)/4)/(-31)?
2
Let l = 9237 - 5541. What is the units digit of l?
6
Let n(q) = -677*q + 65. What is the units digit of n(-3)?
6
Let l = 88 + 226. Suppose d - 3*f = l, 3*d + 2*f - 907 = 4*f. What is the units digit of d?
9
Suppose -10411 + 3184 = -11*d. What is the tens digit of d?
5
Suppose 0 = -5*p, 3*r - 9 = -0*p + p. Suppose 8 = r*o - 82. Let x = o - -8. What is the tens digit of x?
3
What is the hundreds digit of (14 - -7086)*2/4?
5
Let r(d) = -64*d - 70. Let s(h) = 21*h + 23. Let f(u) = -5*r(u) - 16*s(u). What is the tens digit of f(-18)?
7
Suppose -8*m + 24 = -4*m. Suppose 0 = -2*u + m. What is the units digit of u?
3
Let m(n) = -5*n - 55*n**3 - 2*n**2 + 40*n**3 - 3 + 6*n + 2. What is the units digit of m(-2)?
9
Let a(f) = 285*f**2 - 4*f + 8. What is the tens digit of a(2)?
4
What is the hundreds digit of (-28)/(-77) + 36354/33?
1
Let n = -1349 - -2299. What is the tens digit of n?
5
Suppose 0 = -y - 11 + 14. Let b = y + 9. Let u(c) = -c + 21. What is the units digit of u(b)?
9
Suppose -f + 23 = -2*f. Let r = 26 + f. What is the units digit of (r/9)/1*57?
9
Let a = 626 - 199. What is the units digit of a?
7
Suppose 7*d + 3*m = 5*d + 183, 3*d = -5*m + 274. What is the units digit of d?
3
Let c = -135 - -190. Suppose 59*n = c*n + 112. What is the tens digit of n?
2
Suppose -5*y - 9602 = -2*c - 32629, -y - 3*c = -4619. What is the hundreds digit of y?
6
Let t(i) = 9*i - 5. Let r be t(8). Let v = -13 + r. What is the tens digit of v?
5
Suppose 0 = -30*q + 69419 + 49651. What is the tens digit of q?
6
Let o(u) = u**2 - 12*u + 16. Suppose 3*h - 37 = -4. Let c be o(h). What is the units digit of (23/(-2))/(c/(-10))?
3
Suppose 0 = 2*c + 4*m + m + 13, c + 3*m = -9. What is the units digit of ((-106)/c)/(4/(-12))?
3
Let t = -717 + 1037. What is the units digit of t?
0
Let h be (12/(-3))/2 + (73 - 6). Suppose -219 = -h*y + 64*y. What is the hundreds digit of y?
2
What is the hundreds digit of (-634)/6*3*(0 + -1)?
3
Let o = 1382 - 418. What is the tens digit of o?
6
Let b(v) = 3*v**2 - v. Let c be b(2). Let p(y) = y**2 + 5*y + 18. Let f be p(-8). Let i = f - c. What is the units digit of i?
2
Let d(f) = f. Let j(i) = -1. Let m(w) = w**2 + 7*w + 5. Let k(l) = 5*j(l) - m(l). Let o(a) = -5*d(a) + k(a). What is the tens digit of o(-8)?
2
Let v(p) = -24*p**2 - 2*p + 3. Let w be v(2). Let n = w - -159. Let l = n - 34. What is the tens digit of l?
2
Let l be 216/60 - 3/5. Suppose -l*p = 4*p - 1022. What is the tens digit of p?
4
Let c be 1/(-8)*2 - 162/(-8). Suppose c = o - 8. What is the units digit of o?
8
Let a(h) = -3337*h**3 - h**2 - 6*h - 5. What is the hundreds digit of a(-1)?
3
Let l be (-18)/(-5) - (-30)/(-50). Suppose -l*f + 165 = -168. Suppose 21 = -5*t + f. What is the tens digit of t?
1
Let d(w) = w**2 - 7*w + 15. Let s be d(15). Let j = s - 58. What is the tens digit of j?
7
Suppose 2*g = -4*g - 24. Let u = g - -8. Suppose 4*i + u*p - 124 = 0, -2*i + 12 = -2*p - 34. What is the tens digit of i?
2
Let t be (-18)/(-27)*(-1 - 11). Let u be 3 + t/(-4) + -2. What is the units digit of (0 - u)*(-7)/3?
7
Suppose -25*q - 5630 = -45930. What is the tens digit of q?
1
Let x(f) = 23*f**2 - 14*f + 61. What is the units digit of x(5)?
6
Let r(w) = w**3 + 7*w**2. Let n be r(-7). Suppose -12*t + 9*t + 102 = n. Suppose 2*k - 4*k = -t. What is the units digit of k?
7
Let u = 33 - 32. Let l = 10 - u. What is the units digit of l?
9
Let u(v) = -99*v + 169. What is the tens digit of u(-6)?
6
Suppose -5*h + 46 + 24 = 0. What is the units digit of (-96)/(-56) - (-4)/h?
2
Suppose 5*b - 36 - 429 = 0. What is the tens digit of b?
9
Let d(o) = -o**2 + 7*o + 4. Let k be d(7). Let f be 674/k + (-8)/16. Suppose -f = -4*p + 5*g - g, 2*p - 3*g = 86. What is the units digit of p?
0
Let a = -80 - -177. Suppose 2*i = 33 + 1. Suppose i = -5*y + a. What is the units digit of y?
6
Suppose -5*x + 28 = 2*x. Let o(r) = -r**3 + 9*r**2 - 5*r + 7. Let n be o(7). Suppose 9*f - n = x*f. What is the units digit of f?
4
Let l(p) = 39*p**2 - 120*p + 679. What is the hundreds digit of l(6)?
3
Suppose 33*j - 71*j + 200602 = 0. What is the units digit of j?
9
Let f = -887 + 1644. What is the hundreds digit of f?
7
Suppose 151648 - 14326 = 27*b. What is the thousands digit of b?
5
Let y = -405 - -806. What is the tens digit of y?
0
Let t = 10 - 8. Suppose -v = -t*v + 122. Suppose -v = -5*l + 8. What is the tens digit of l?
2
Let q(t) = 7*t + 168. What is the hundreds digit of q(8)?
2
Let n(v) = -3*v + 19. Let i be n(24). Let m = -36 - i. What is the units digit of m?
7
Let o be ((-32)/(-12))/((-2)/3). What is the tens digit of o/18 + 2888/36?
8
Let g = -66 - -78. Suppose -g*w + 462 = -6*w. What is the units digit of w?
7
Suppose -2*r = 10, 4*s - 59 = 2*r - 3*r. Let t be 4/(s/36) + -3. What is the units digit of ((-4)/t)/((-3)/27)?
6
Let z(d) = -156*d + 45. What is the hundreds digit of z(-12)?
9
Let h(w) = w**3 + w - 6. Let g be h(0). Let i = g - -10. Suppose -22 - 118 = -i*l. What is the units digit of l?
5
Suppose -1796 = -4*q - 3*t, 0*q - 5*q - t = -2245. Suppose -q = -8*u + 4*u - 3*y, 0 = 5*u + 4*y - 560. What is the tens digit of u?
1
Let d = 643 + -253. Suppose 0 = -4*f - 2*c + d, -f = f - 2*c - 180. What is the tens digit of f?
9
Suppose 8 = -4*g - 0*g, 4*l - g + 158 = 0. Let o = l + 106. Suppose 5*z + 5 = 0, a + z = -z + o. What is the tens digit of a?
6
Let h(i) = 26*i - 35. What is the tens digit of h(18)?
3
Let k be (16/(-14))/(1*2/(-7)). Suppose -2*g - g + 30 = 0. Suppose -3*y = k - g. What is the units digit of y?
2
What is the units digit of (-3)/2*(-565 + -9)?
1
Suppose -3*x + 3*d - 27 = 0, -8 = 3*x - 4*d + 23. Let c = 10 + x. Let z(f) = 5*f - 7. What is the units digit of z(c)?
8
Suppose 5*i - 5640 = 5*p, -4*i - 3384 = -7*i - 4*p. What is the tens digit of i?
2
Suppose 8800 = -279*v + 295*v. What is the hundreds digit of v?
5
Let t(v) = -3*v**3 - 12*v**2 - 8*v - 50. What is the units digit of t(-8)?
2
Suppose 0 = 2*p + p - 6. What is the units digit of (-15444)/(-242) + 2*p/22?
4
Suppose 5*f - 5*z + 405 = 0, 3*z - 262 = 4*f + 67. Let s = f - -113. What is the units digit of s?
7
Suppose 